 c**3/3 + 2*c**2 + 3*c + 8. Determine h(-2).
-1
Let m(f) be the third derivative of -f**5/60 - f**4/8 + f**3/2 - f**2. Give m(-4).
-1
Let n be 1*2/4*-6. Let j be n/(-9) - 2/6. Let f = 3 - j. Let h(x) = x**3 - 3*x**2 - 4*x + 4. Calculate h(f).
-8
Let u(d) = 4*d + 4. Suppose 5*m = -4*w - 26 + 66, 3*m - 17 = -w. Determine u(m).
20
Suppose 0 = 4*u - 12 - 12. Suppose u*w - 3*w - 9 = 0. Let l(i) = i + 2. What is l(w)?
5
Let h(w) = w**3 + w**2 - w - 3. Suppose 42 = -i + 39. Calculate h(i).
-18
Let v(o) be the third derivative of -o**6/120 - o**5/60 + o**4/24 - 7*o**3/6 - o**2. Let l be 0/(((-6)/(-18))/(3/18)). Determine v(l).
-7
Let o(n) be the first derivative of -1/6*n**3 + n - 3/2*n**2 + 3. Let r(q) be the first derivative of o(q). Calculate r(3).
-6
Suppose r + 5*u = -8 + 3, 20 = 2*r - 5*u. Let t(k) = -r - 2*k + 0*k + k. Calculate t(-4).
-1
Suppose 2*h = h - 4*p + 19, 3*p - 12 = 0. Let o = -11 - -14. Let t(z) = 3*z + 5*z**2 - 5*z**2 - o - z**2. What is t(h)?
-3
Let o(h) be the second derivative of 1/2*h**2 + 0 + 3*h - 3/2*h**3. What is o(-1)?
10
Let x(z) = 7*z + 5. Let v(q) = -2*q - 4. Let d be v(-5). Let s(h) = -8*h - 5. Let i(w) = d*s(w) + 7*x(w). Determine i(0).
5
Let a(k) = 4*k + 1 + 8*k - k. Calculate a(-1).
-10
Let m(b) = 5*b + 1. Let h(j) = j**3 + j. Let w be h(-1). What is m(w)?
-9
Let g(m) be the third derivative of 0 - 1/12*m**5 + 1/120*m**6 + 2*m**2 + 0*m - 1/6*m**3 + 5/24*m**4. Calculate g(4).
3
Let x(s) = -s**2 + 1 + 5*s**2 + s**3 - 5*s**2. Suppose -3*k + 9 = -12*k. Determine x(k).
-1
Let s(z) = -z**3 - 8*z**2 + 10*z + 11. Suppose -6*t - 3*u - 57 = -t, 0 = 5*t - 5*u + 25. Determine s(t).
2
Let s(j) = j**3 - 2*j**2 - 2*j + 2. Suppose -2*p + z + 10 - 4 = 0, 0 = 5*p - 4*z - 18. Give s(p).
-2
Let j(o) = -2*o - 3*o + 6*o. Let z(s) = -s**2 + 5*s + 3. Let n be z(5). Let c be 1/n*(5 + -5). Give j(c).
0
Let h(p) = 10*p + 1. Let j(k) = -7*k - 1. Let q(u) = 5*h(u) + 7*j(u). Let r(v) = -v**2 - 7*v - 1. Let b be (-56)/10 + 10/(-25). Let c be r(b). What is q(c)?
3
Let i = 0 + 3. Let n = -1 + i. Let j(u) = -5 - u + 3*u + u**3 + 5*u**2 - n*u**3. What is j(5)?
5
Let l(s) be the third derivative of -s**6/120 - s**5/12 + s**4/12 + 5*s**3/6 + 5*s**2. Calculate l(-5).
-5
Let j(u) be the first derivative of -2*u + u + 1 - 3*u**2 - 2. Determine j(1).
-7
Suppose 11 = -i + 2*f, -4*i - 2*f + 3*f = 16. Let u(b) = b - 4. Let t be u(6). Let o(r) = 1 - r + t - 4. Calculate o(i).
2
Let d(c) = -11*c**3 + 24*c**2 - 7*c + 17. Let p(z) = 7*z**3 - 16*z**2 + 5*z - 11. Let y(n) = -5*d(n) - 8*p(n). What is y(7)?
17
Let f(p) = -p**2 - 3*p + 3. Let t be f(-5). Let k = -5 - t. Let m(h) = 4*h**k + h**3 + h**2 - 3*h**2 + h. What is m(-2)?
-2
Let y(k) = -3 - 3*k - 1 - 2*k + k**2 + 2*k. Calculate y(6).
14
Let j(l) = -5 - l - l - 2 + 4*l. Give j(7).
7
Let n be 3 - (4 - 1) - -4. Let s(z) be the second derivative of -z**3/2 + 3*z**2 + z. Calculate s(n).
-6
Let p = 0 + -1. Let l(g) = -4*g**3 + 2*g**2 + g. Let c be l(p). Let u(k) be the second derivative of k**5/20 - k**4/2 + 2*k**3/3 + k. What is u(c)?
-5
Let h(z) = z**2 - 5*z + 1. Let r be -2*(-1 - -2)*-1. Suppose r*d + 5 = -1. Let l = d + 7. Give h(l).
-3
Let x = -549/7 + 32947/420. Let w(v) be the third derivative of 1/4*v**4 - 3*v**2 - x*v**5 + 0 + 0*v - 1/3*v**3. What is w(6)?
-2
Let j(w) = -2*w**2. Let y = -9 - -9. Suppose -g - 3*h - 8 = y, 4*g = -4*h - 1 - 7. Determine j(g).
-2
Let b be (-8)/(-28) - 27/21. Let k be (-1 - b) + (-2)/(-1). Let m(r) = -4*r + k*r + 5*r + 0*r. Determine m(1).
3
Let l(h) = -1. Let b(i) = 6*i**2 + 3. Let u(q) = b(q) + 4*l(q). Let v(w) = -w + 1. Let r(f) = -2*f + 5. Let z(y) = r(y) - v(y). Let a be z(5). Determine u(a).
5
Let y(c) = -c**3 + 5*c**2 - 3*c + 6. Let o(b) = 2*b**2 + b. Let q be o(2). Let p = -5 + q. Suppose -p*x + 25 = 5. What is y(x)?
10
Suppose 4*r + 4 = 2*r. Let p(j) = 2*j**2 - 2*j + 5. Let a(o) = -2*o**2 + 3*o - 6. Let t(v) = 3*a(v) + 4*p(v). What is t(r)?
8
Let u(s) = s**3 + 1. Let d(n) = -6*n**3 + 4*n**2 + 7*n - 8. Let j(b) = d(b) + 5*u(b). Suppose -5*p + 28 = 3. Calculate j(p).
7
Let f(k) = -3*k**2 + 6*k + 5. Let m(p) = -7*p**2 + 12*p + 10. Let v(n) = -5*f(n) + 2*m(n). Suppose -2*h = 4*y - 8, 0*h + 4*y + 28 = 4*h. Give v(h).
-5
Let f(u) = 0*u + 5 - 7 + 0*u + 2*u + u**2. Calculate f(-3).
1
Let c(x) = -27 + x + 13 + 15. Let f be (-6)/(2/(8/6)). Determine c(f).
-3
Let f(u) = -u**2 + 6*u - 3. Let y(i) be the first derivative of i**4/4 + 7*i**3/3 + 4*i + 1. Let b be y(-7). Give f(b).
5
Suppose -7*o + 10 = -2*o. Let c(l) = 1 - o*l**3 + 2*l**3 + 0 + l**3 - l**2. What is c(2)?
5
Let o(i) = -5*i - 2. Let t(k) = -k + 1. Let v(q) = -o(q) + 4*t(q). Let p(a) = 2*a + 8. Let w be p(-7). Calculate v(w).
0
Suppose -2*u + 0*u = 0. Let d(b) = b - 5 + u + 4. What is d(-1)?
-2
Let l(d) = 2*d**2 + 6*d + 3 - d**2 - 5 + 0. Suppose -5*r + 3*t + 0*t - 13 = 0, -3*r + 3*t - 3 = 0. What is l(r)?
-7
Let c(a) = a**3 - 8*a**2 - 11*a + 2. Let n be c(9). Let w be (-40)/(-18) + n/72. Let u(t) = -4*t + 0*t**w + 1 + t - t**2 - 2*t. Give u(-5).
1
Let d(x) = 7*x**2 + 2*x + 1. Let t(g) = g**2 - 8*g + 11. Let b be t(6). Determine d(b).
6
Let u = 6 + -6. Suppose u = v + v. Let g(f) be the third derivative of f**6/120 - f**3/2 + f**2. Give g(v).
-3
Let s(l) = -4*l - 30. Let t be s(-6). Let n(o) = -o - 6. What is n(t)?
0
Suppose 4*b = o + 13, 3*o + 5*b = 34 - 5. Let i(p) = p**2 + 3*p + 4. What is i(o)?
22
Let t(j) = j**3 + 3*j**2 + 1. Suppose 3*f = -3*w + w - 29, -4*w - 4*f = 52. Suppose 5*r + 11 = 2*q + 45, -3*q - 46 = -5*r. Let m = q - w. Give t(m).
5
Let d(u) = -5*u + 11. Let q be d(3). Let n(p) = p**3 + 5*p**2 + p - 4. Calculate n(q).
8
Let b be 3/2*(-1 + 3). Let x(j) = -2 + 0 + 5*j**2 + b*j + 4 + j**3. Calculate x(-4).
6
Let g(n) = n**3 - 3*n**2 - 1. Suppose -4*x + 18 = -x. Suppose -x*u + 13 = -i - 2*u, 0 = 2*i + u - 10. What is g(i)?
-1
Let u(d) = -d**3 + 5*d**2 - 2*d - 4. Let s be u(4). Let k(w) = 2*w + 2 + 3*w - s*w + 1. Calculate k(-2).
1
Let m(n) = -n + 3. Let q(i) = 6 - 5*i**2 - 4 - 11*i - 7*i**2 + 2 - i**3. Let r be q(-11). Determine m(r).
-1
Let q(a) = -a + 5. Let s be q(11). Suppose -x + 15 = 4*x. Let b(o) = 0*o**3 + 16 - o**x - 8*o - 7*o**2 - 23. Determine b(s).
5
Suppose 12 = n + 9. Let j(r) = -r**3 + 3*r**2 - r + 1. Give j(n).
-2
Let h(p) = -p**2 + 6*p + 1. Let a(x) = x. Let c(w) = -3*a(w) + h(w). Determine c(3).
1
Let y(r) = -r**3 - 4*r**2. Let d be y(-4). Let b(u) = -u - 3. Determine b(d).
-3
Let d(p) = -p**3 + 4*p**2 + 2*p - 3. Let x(u) = -u. Let f be x(-2). What is d(f)?
9
Let z(b) = -2 - 41*b - 44*b + 86*b. Give z(8).
6
Let s(z) = 4*z**2 - 6*z + 6. Let g(y) = -y**2. Let t(d) = 3*g(d) + s(d). Calculate t(6).
6
Let c(g) = g**3 + 2*g**2 - g. Let o be 35/(-14)*(2 + 0). Let n(i) = i + 6. Let r be n(o). Determine c(r).
2
Let w(f) = -2*f**2 + 438 - 437 - 5*f**2 - 2*f. Calculate w(1).
-8
Let f(a) = 8*a. Suppose -2*u - 6 = 2*n - 2, -5*n + 2*u = -25. Suppose 3*y - j - n = 0, -2*y - 3*j + 5 - 14 = 0. Let m = y + -1. Give f(m).
-8
Let s(p) = -2*p + 0*p + 6 - 2. Let q = 2 + 2. Suppose -2*f - 2*o + 12 = 0, -6*o + q*o = -4. Determine s(f).
-4
Let u(b) = 2*b - 2. Let l(k) = -k + 9. Let m be l(5). Let p be ((-7)/2 + 3)*-4. Suppose -2*s - m*n + p = -0*n, -s = -2*n + 7. Give u(s).
-8
Suppose d = -2 + 6, 3*p - 38 = -5*d. Let b(m) = -m**3 + 6*m**2 + 2*m - 5. Calculate b(p).
7
Let m = -2 + 4. Let g(c) = -7*c + 7*c + c**2 + 2*c + 0*c**m. Determine g(-2).
0
Let f = 18 - 13. Let i(g) = -g**2 + 5*g + 1. Calculate i(f).
1
Let h be 0/(-3) - (-2 - 1). Let f(t) = 1 - 1 + 2 - t - h. Give f(-5).
4
Let x(m) = m + 8. Let g be x(-7). Let k(l) = l + 1 - 4*l + 1 + 2*l. Determine k(g).
1
Let m = -5 - -4. Let j(d) = -2*d + d + 3*d + d**2 - 5*d + 3. Let s(c) = -1. Let p(i) = m*j(i) - 2*s(i). Determine p(2).
1
Let h be ((-8)/10)/((-14)/35). Let o(p) be the third derivative of 0*p**3 + p**h + 0 - 1/6*p**4 + 1/60*p**5 + 0*p. Give o(4).
0
Let k(h) = 6*h - 1 + 7*h**2 - 8*h**2 - 5. Give k(5).
-1
Let p(f) = f + 1. Let i(b) = 6*b - 7. Let o(d) = -i(d) - 6*p(d). Calculate o(-2).
25
Let x(z) = z**2 - z - 1. Let a(t) be the first derivative of -3*t**2/2 - 2. Let w be a(-1). Calculate x(w).
5
Let x be 6/(-2) - (-7)/(-21)*3. Let u(p) = p**3 + 3*p**2 + 2*p + 5. Calculate u(x).
-19
Let f(s) = 1. Let p(y) = -y**3 - 6*y**2. Suppose 0 = 3*j - 1 + 4. Let h(